{"id":148,"date":"2025-08-23T00:53:01","date_gmt":"2025-08-22T22:53:01","guid":{"rendered":"https:\/\/www.incap.int\/Noticias\/?page_id=148"},"modified":"2026-02-16T17:55:11","modified_gmt":"2026-02-16T16:55:11","slug":"empleo","status":"publish","type":"page","link":"https:\/\/www.incap.int\/Noticias\/empleo\/","title":{"rendered":"Empleo"},"content":{"rendered":"\n<p><a href=\"https:\/\/www.incap.int\/Noticias\/wp-content\/uploads\/2026\/02\/Convocatoria-Tecnico-de-Laboratorio-TB.pdf\" data-type=\"attachment\" data-id=\"448\" target=\"_blank\" rel=\"noreferrer noopener\">T\u00e9cnico de Laboratorio Cl\u00ednico \/ Programa de Tuberculosis.<\/a> La <strong>fecha<\/strong> l\u00edmite es: <strong>16 de febrero de 2026<\/strong>.<\/p>\n\n\n\n<p><a href=\"https:\/\/www.incap.int\/Noticias\/wp-content\/uploads\/2026\/02\/Convocatoria-MLC-febrero-2026.pdf\" data-type=\"attachment\" data-id=\"444\" target=\"_blank\" rel=\"noreferrer noopener\">Consultor\u00eda para desarrollar una metodolog\u00eda, materiales, y capacitaciones para distintos grupos de la comunidad por parte de la estrategia de Monitoreo Liderado por la Comunidad -MLC-.<\/a> La <strong>fecha<\/strong> l\u00edmite es: <strong>20 de febrero de 2026<\/strong>.<\/p>\n\n\n\n<p><a href=\"https:\/\/www.incap.int\/Noticias\/wp-content\/uploads\/2026\/02\/TDR-Elaboracioin_-normas-y-lineamientos-sobre-los-procesos-de-equipos_Catalogo_MSPAS_final-rev-ger-13-02-2026.pdf\" data-type=\"link\" data-id=\"https:\/\/www.incap.int\/Noticias\/wp-content\/uploads\/2026\/02\/TDR-Elaboracioin_-normas-y-lineamientos-sobre-los-procesos-de-equipos_Catalogo_MSPAS_final-rev-ger-13-02-2026.pdf\" target=\"_blank\" rel=\"noreferrer noopener\">Contrataci\u00f3n de Consultor\u00eda \u201cPara la elaboraci\u00f3n de una propuesta de Normas y Lineamientos de los procesos para la Gesti\u00f3n de Equipos Cl\u00ednicos y Cat\u00e1logo de Especificaciones T\u00e9cnicas de Equipos Cl\u00ednicos del Ministerio de Salud P\u00fablica y Asistencia Social de Guatemala.<\/a> La <strong>fecha<\/strong> l\u00edmite es: <strong>24 de febrero de 2026<\/strong>.<\/p>\n\n\n\n<p><\/p>\n\n\n\n<p><\/p>\n\n\n\n<p><\/p>\n\n\n\n<p><\/p>\n\n\n\n<p><\/p>\n\n\n\n<p><\/p>\n\n\n\n<p><\/p>\n\n\n\n<p><\/p>\n","protected":false},"excerpt":{"rendered":"<p>T\u00e9cnico de Laboratorio Cl\u00ednico \/ Programa de Tuberculosis. La fecha l\u00edmite es: 16 de febrero de 2026. Consultor\u00eda para desarrollar una metodolog\u00eda, materiales, y capacitaciones para distintos grupos de la comunidad por parte de la estrategia de Monitoreo Liderado por la Comunidad -MLC-. La fecha l\u00edmite es: 20 de febrero de 2026. Contrataci\u00f3n de Consultor\u00eda<\/p>\n","protected":false},"author":4,"featured_media":0,"parent":0,"menu_order":0,"comment_status":"closed","ping_status":"closed","template":"","meta":{"footnotes":""},"class_list":["post-148","page","type-page","status-publish","hentry"],"_links":{"self":[{"href":"https:\/\/www.incap.int\/Noticias\/wp-json\/wp\/v2\/pages\/148","targetHints":{"allow":["GET"]}}],"collection":[{"href":"https:\/\/www.incap.int\/Noticias\/wp-json\/wp\/v2\/pages"}],"about":[{"href":"https:\/\/www.incap.int\/Noticias\/wp-json\/wp\/v2\/types\/page"}],"author":[{"embeddable":true,"href":"https:\/\/www.incap.int\/Noticias\/wp-json\/wp\/v2\/users\/4"}],"replies":[{"embeddable":true,"href":"https:\/\/www.incap.int\/Noticias\/wp-json\/wp\/v2\/comments?post=148"}],"version-history":[{"count":59,"href":"https:\/\/www.incap.int\/Noticias\/wp-json\/wp\/v2\/pages\/148\/revisions"}],"predecessor-version":[{"id":465,"href":"https:\/\/www.incap.int\/Noticias\/wp-json\/wp\/v2\/pages\/148\/revisions\/465"}],"wp:attachment":[{"href":"https:\/\/www.incap.int\/Noticias\/wp-json\/wp\/v2\/media?parent=148"}],"curies":[{"name":"wp","href":"https:\/\/api.w.org\/{rel}","templated":true}]}}