{"id":7,"date":"2024-07-10T01:42:13","date_gmt":"2024-07-09T23:42:13","guid":{"rendered":"https:\/\/incap.int\/blog\/INCapenses\/?page_id=7"},"modified":"2024-08-07T15:35:58","modified_gmt":"2024-08-07T21:35:58","slug":"inicio","status":"publish","type":"page","link":"https:\/\/www.incap.int\/blog\/INCapenses\/","title":{"rendered":"Inicio"},"content":{"rendered":"\n<div class=\"wp-block-cover alignfull is-light\" style=\"min-height:720px;aspect-ratio:unset;\"><span aria-hidden=\"true\" class=\"wp-block-cover__background has-background-dim-100 has-background-dim has-background-gradient\" style=\"background:linear-gradient(35deg,rgb(6,0,151) 0%,rgb(130,4,255) 73%,rgb(193,15,255) 100%)\"><\/span><div class=\"wp-block-cover__inner-container is-layout-flow wp-block-cover-is-layout-flow\">\n<div class=\"inherit-container-width wp-block-group alignwide is-layout-constrained wp-block-group-is-layout-constrained\">\n<div class=\"wp-block-media-text alignwide has-media-on-the-right is-stacked-on-mobile is-vertically-aligned-center\" style=\"grid-template-columns:auto 43%\"><div class=\"wp-block-media-text__content\">\n<h1 class=\"wp-block-heading has-text-align-left has-white-color has-text-color\">YO FORMO PARTE DE LOS 75 A\u00d1OS DE INCAP<\/h1>\n\n\n\n<p>Nos gustaria reconectar contigo en nuestro 75 aniversario. \u00bfTienes historias o recuerdos que compartir? \u00a1Estamos emocionados por escucharte!<\/p>\n\n\n\n<div class=\"wp-block-buttons is-layout-flex wp-block-buttons-is-layout-flex\">\n<div class=\"wp-block-button\"><a class=\"wp-block-button__link wp-element-button\" href=\"https:\/\/incap.int\/blog\/INCapenses\/index.php\/2024\/07\/10\/memorias\/\">Comparte tus memorias &gt;<\/a><\/div>\n<\/div>\n<\/div><figure class=\"wp-block-media-text__media\"><img loading=\"lazy\" decoding=\"async\" width=\"1024\" height=\"669\" src=\"https:\/\/incap.int\/blog\/INCapenses\/wp-content\/uploads\/2024\/07\/6-1024x669.jpg\" alt=\"\" class=\"wp-image-35 size-full\" srcset=\"https:\/\/www.incap.int\/blog\/INCapenses\/wp-content\/uploads\/2024\/07\/6-1024x669.jpg 1024w, https:\/\/www.incap.int\/blog\/INCapenses\/wp-content\/uploads\/2024\/07\/6-300x196.jpg 300w, https:\/\/www.incap.int\/blog\/INCapenses\/wp-content\/uploads\/2024\/07\/6-768x502.jpg 768w, https:\/\/www.incap.int\/blog\/INCapenses\/wp-content\/uploads\/2024\/07\/6-1536x1004.jpg 1536w, https:\/\/www.incap.int\/blog\/INCapenses\/wp-content\/uploads\/2024\/07\/6.jpg 2012w\" sizes=\"auto, (max-width: 1024px) 100vw, 1024px\" \/><\/figure><\/div>\n<\/div>\n<\/div><\/div>\n\n\n\n<div class=\"wp-block-group alignfull has-background is-layout-constrained wp-container-core-group-is-layout-cfcca693 wp-block-group-is-layout-constrained\" id=\"contact\" style=\"background:linear-gradient(35deg,rgb(6,0,151) 0%,rgb(130,4,255) 64%,rgb(193,15,255) 98%);padding-top:104px;padding-bottom:104px\">\n<div class=\"wp-block-uagb-container uagb-block-02ce1c33 alignfull uagb-is-root-container\"><div class=\"uagb-container-inner-blocks-wrap\">\n<div class=\"wp-block-columns is-layout-flex wp-container-core-columns-is-layout-28f84493 wp-block-columns-is-layout-flex\">\n<div class=\"wp-block-column is-layout-flow wp-block-column-is-layout-flow\">\n<p class=\"has-text-align-right\"><p class=\"has-text-align-right\" style=\"color: white;\"><br>  <strong>\u201cAl principio tomamos una serie de decisiones de las que el INCAP nunca dud\u00f3\u2026 Su misi\u00f3n fue: Determinar los problemas de nutrici\u00f3n y salud conexos de los pa\u00edses de Centroam\u00e9rica y Panam\u00e1; A trav\u00e9s de la investigaci\u00f3n, encontrar soluciones pr\u00e1cticas a estos problemas; y Ayudar a los pa\u00edses miembros a aplicar estas soluciones a trav\u00e9s de servicios de asesor\u00eda y capacitaci\u00f3n de personal en todos los niveles\u201d.<\/strong><br><br><strong><em>Nevin S. Scrimshaw<br>Director INCAP 1949 \u2013 1961<\/em><\/strong><br><\/p><\/p>\n<\/div>\n\n\n\n<div class=\"wp-block-column is-layout-flow wp-block-column-is-layout-flow\">\n<p class=\"has-text-align-right\"><p class=\"has-text-align-right\" style=\"color: white;\"><br>  \u201c<strong style=\"font-size: revert;\">Estimados amigos incapenses, Como actual Director del INCAP, tengo el placer de invitarlos a participar en nuestro blog especial del 75 Aniversario, dedicado a celebrar y recordar la valiosa contribuci\u00f3n de los exfuncionarios, egresados y amigos incapenses, para ello nos gustar\u00eda que compartieran sus impresiones, an\u00e9cdotas y recuerdos (fotos) que reflejen la rica historia y el legado del INCAP. Esta es una oportunidad para que todos podamos rememorar los momentos importantes y sobre todo a las personas que han sido parte fundamental de nuestra misi\u00f3n\u201c Sean todos bienvenidos<\/strong> <\/p><\/p>\n\n\n\n<p class=\"has-text-align-right\"><p class=\"has-text-align-right\" style=\"color: white;\"><strong><em>Jos\u00e9 Ren\u00e1n De Le\u00f3n C.<br>Director INCAP 2020 \u2013 2025<\/em><\/strong><br><\/p><\/p>\n<\/div>\n<\/div>\n<\/div><\/div>\n<\/div>\n","protected":false},"excerpt":{"rendered":"<p>\u201cAl principio tomamos una serie de decisiones de las que el INCAP nunca dud\u00f3\u2026 Su misi\u00f3n fue: Determinar los problemas [&hellip;]<\/p>\n","protected":false},"author":1,"featured_media":0,"parent":0,"menu_order":0,"comment_status":"closed","ping_status":"closed","template":"","meta":{"_uag_custom_page_level_css":"","site-sidebar-layout":"no-sidebar","site-content-layout":"plain-container","ast-site-content-layout":"","site-content-style":"default","site-sidebar-style":"default","ast-global-header-display":"","ast-banner-title-visibility":"","ast-main-header-display":"","ast-hfb-above-header-display":"","ast-hfb-below-header-display":"","ast-hfb-mobile-header-display":"","site-post-title":"disabled","ast-breadcrumbs-content":"","ast-featured-img":"","footer-sml-layout":"","theme-transparent-header-meta":"enabled","adv-header-id-meta":"","stick-header-meta":"","header-above-stick-meta":"","header-main-stick-meta":"","header-below-stick-meta":"","astra-migrate-meta-layouts":"default","ast-page-background-enabled":"default","ast-page-background-meta":{"desktop":{"background-color":"var(--ast-global-color-4)","background-image":"","background-repeat":"repeat","background-position":"center center","background-size":"auto","background-attachment":"scroll","background-type":"","background-media":"","overlay-type":"","overlay-color":"","overlay-opacity":"","overlay-gradient":""},"tablet":{"background-color":"","background-image":"","background-repeat":"repeat","background-position":"center center","background-size":"auto","background-attachment":"scroll","background-type":"","background-media":"","overlay-type":"","overlay-color":"","overlay-opacity":"","overlay-gradient":""},"mobile":{"background-color":"","background-image":"","background-repeat":"repeat","background-position":"center center","background-size":"auto","background-attachment":"scroll","background-type":"","background-media":"","overlay-type":"","overlay-color":"","overlay-opacity":"","overlay-gradient":""}},"ast-content-background-meta":{"desktop":{"background-color":"var(--ast-global-color-5)","background-image":"","background-repeat":"repeat","background-position":"center center","background-size":"auto","background-attachment":"scroll","background-type":"","background-media":"","overlay-type":"","overlay-color":"","overlay-opacity":"","overlay-gradient":""},"tablet":{"background-color":"var(--ast-global-color-5)","background-image":"","background-repeat":"repeat","background-position":"center center","background-size":"auto","background-attachment":"scroll","background-type":"","background-media":"","overlay-type":"","overlay-color":"","overlay-opacity":"","overlay-gradient":""},"mobile":{"background-color":"var(--ast-global-color-5)","background-image":"","background-repeat":"repeat","background-position":"center center","background-size":"auto","background-attachment":"scroll","background-type":"","background-media":"","overlay-type":"","overlay-color":"","overlay-opacity":"","overlay-gradient":""}},"footnotes":""},"class_list":["post-7","page","type-page","status-publish","hentry"],"uagb_featured_image_src":{"full":false,"thumbnail":false,"medium":false,"medium_large":false,"large":false,"1536x1536":false,"2048x2048":false},"uagb_author_info":{"display_name":"INCAP","author_link":"https:\/\/www.incap.int\/blog\/INCapenses\/index.php\/author\/gochoa\/"},"uagb_comment_info":0,"uagb_excerpt":"\u201cAl principio tomamos una serie de decisiones de las que el INCAP nunca dud\u00f3\u2026 Su misi\u00f3n fue: Determinar los problemas [&hellip;]","_links":{"self":[{"href":"https:\/\/www.incap.int\/blog\/INCapenses\/index.php\/wp-json\/wp\/v2\/pages\/7","targetHints":{"allow":["GET"]}}],"collection":[{"href":"https:\/\/www.incap.int\/blog\/INCapenses\/index.php\/wp-json\/wp\/v2\/pages"}],"about":[{"href":"https:\/\/www.incap.int\/blog\/INCapenses\/index.php\/wp-json\/wp\/v2\/types\/page"}],"author":[{"embeddable":true,"href":"https:\/\/www.incap.int\/blog\/INCapenses\/index.php\/wp-json\/wp\/v2\/users\/1"}],"replies":[{"embeddable":true,"href":"https:\/\/www.incap.int\/blog\/INCapenses\/index.php\/wp-json\/wp\/v2\/comments?post=7"}],"version-history":[{"count":29,"href":"https:\/\/www.incap.int\/blog\/INCapenses\/index.php\/wp-json\/wp\/v2\/pages\/7\/revisions"}],"predecessor-version":[{"id":136,"href":"https:\/\/www.incap.int\/blog\/INCapenses\/index.php\/wp-json\/wp\/v2\/pages\/7\/revisions\/136"}],"wp:attachment":[{"href":"https:\/\/www.incap.int\/blog\/INCapenses\/index.php\/wp-json\/wp\/v2\/media?parent=7"}],"curies":[{"name":"wp","href":"https:\/\/api.w.org\/{rel}","templated":true}]}}