{"id":164,"date":"2019-02-26T22:23:22","date_gmt":"2019-02-26T22:23:22","guid":{"rendered":"http:\/\/www.incap.int\/blog\/aroman\/?page_id=164"},"modified":"2019-03-15T20:56:29","modified_gmt":"2019-03-15T20:56:29","slug":"cartas-de-condolencia","status":"publish","type":"page","link":"https:\/\/www.incap.int\/blog\/aroman\/index.php\/cartas-de-condolencia\/","title":{"rendered":"CARTAS DE CONDOLENCIAS"},"content":{"rendered":"<p><a href=\"http:\/\/www.incap.int\/blog\/aroman\/wp-content\/uploads\/2019\/02\/Nota-de-condolencia-Ministerio-de-Salud-de-Panama-feb2019.pdf\">Ministerio de Salud P\u00fablica, Panam\u00e1, 25 de febrero de 2019<\/a><\/p>\n<p><a href=\"http:\/\/www.incap.int\/blog\/aroman\/wp-content\/uploads\/2019\/03\/Carta-condolencias-Ministro-de-Salud-fallecimiento-Dra.-Ana-Victora-Roman-firmada.pdf\">Ministerio de Salud P\u00fablica, Rep\u00fablica Dominicana, 25 de febrero de 2019<\/a><\/p>\n<p><a href=\"http:\/\/www.incap.int\/blog\/aroman\/wp-content\/uploads\/2019\/02\/Carta-de-condolencias-OPS-OMS-Honduras.pdf\">Representaci\u00f3n de la OPS\/OMS en Honduras, 25 de febrero de 2019<\/a><\/p>\n<p><a href=\"http:\/\/www.incap.int\/blog\/aroman\/wp-content\/uploads\/2019\/02\/Carta-condolencias-Dra.-Ana-Victoria-Roman-OPS-OMS-DOR-feb2019.pdf\">Representaci\u00f3n de la OPS\/OMS en la Rep\u00fablica Dominicana, 26 de febrero de 2019<\/a><\/p>\n<p><a href=\"http:\/\/www.incap.int\/blog\/aroman\/wp-content\/uploads\/2019\/02\/SISCA-SP-N-19-084-INCAP-condolencias-por-fallecimiento-Dra-Roman.pdf\">Secretar\u00eda de la Integraci\u00f3n Social Centroamericana, Panam\u00e1, 26 de febrero de 2019<\/a><\/p>\n<p><a href=\"http:\/\/www.incap.int\/blog\/aroman\/wp-content\/uploads\/2019\/02\/NMH-RF-19-020-Condolencias-a-la-familia-de-la-Dra-Roman-OPS-OMS.pdf\">Organizaci\u00f3n Panamericana de la Salud (OPS\/OMS), Washington, USA, 28 de febrero de 2019<\/a><\/p>\n<p>&nbsp;<\/p>\n","protected":false},"excerpt":{"rendered":"<p>Ministerio de Salud P\u00fablica, Panam\u00e1, 25 de febrero de 2019 Ministerio de Salud P\u00fablica, Rep\u00fablica Dominicana, 25 de febrero de 2019 Representaci\u00f3n de la OPS\/OMS en Honduras, 25 de febrero de 2019 Representaci\u00f3n de la OPS\/OMS en la Rep\u00fablica Dominicana, 26 de febrero de 2019 Secretar\u00eda de la Integraci\u00f3n Social Centroamericana, Panam\u00e1, 26 de febrero &hellip; <a href=\"https:\/\/www.incap.int\/blog\/aroman\/index.php\/cartas-de-condolencia\/\" class=\"more-link\">Continuar leyendo<span class=\"screen-reader-text\"> \u00abCARTAS DE CONDOLENCIAS\u00bb<\/span><\/a><\/p>\n","protected":false},"author":2,"featured_media":0,"parent":0,"menu_order":0,"comment_status":"closed","ping_status":"closed","template":"","meta":[],"_links":{"self":[{"href":"https:\/\/www.incap.int\/blog\/aroman\/index.php\/wp-json\/wp\/v2\/pages\/164"}],"collection":[{"href":"https:\/\/www.incap.int\/blog\/aroman\/index.php\/wp-json\/wp\/v2\/pages"}],"about":[{"href":"https:\/\/www.incap.int\/blog\/aroman\/index.php\/wp-json\/wp\/v2\/types\/page"}],"author":[{"embeddable":true,"href":"https:\/\/www.incap.int\/blog\/aroman\/index.php\/wp-json\/wp\/v2\/users\/2"}],"replies":[{"embeddable":true,"href":"https:\/\/www.incap.int\/blog\/aroman\/index.php\/wp-json\/wp\/v2\/comments?post=164"}],"version-history":[{"count":10,"href":"https:\/\/www.incap.int\/blog\/aroman\/index.php\/wp-json\/wp\/v2\/pages\/164\/revisions"}],"predecessor-version":[{"id":218,"href":"https:\/\/www.incap.int\/blog\/aroman\/index.php\/wp-json\/wp\/v2\/pages\/164\/revisions\/218"}],"wp:attachment":[{"href":"https:\/\/www.incap.int\/blog\/aroman\/index.php\/wp-json\/wp\/v2\/media?parent=164"}],"curies":[{"name":"wp","href":"https:\/\/api.w.org\/{rel}","templated":true}]}}

<p><a href="http://www.incap.int/blog/aroman/wp-content/uploads/2019/02/Nota-de-condolencia-Ministerio-de-Salud-de-Panama-feb2019.pdf">Ministerio de Salud Pública, Panamá, 25 de febrero de 2019</a></p>
<p><a href="http://www.incap.int/blog/aroman/wp-content/uploads/2019/03/Carta-condolencias-Ministro-de-Salud-fallecimiento-Dra.-Ana-Victora-Roman-firmada.pdf">Ministerio de Salud Pública, República Dominicana, 25 de febrero de 2019</a></p>
<p><a href="http://www.incap.int/blog/aroman/wp-content/uploads/2019/02/Carta-de-condolencias-OPS-OMS-Honduras.pdf">Representación de la OPS/OMS en Honduras, 25 de febrero de 2019</a></p>
<p><a href="http://www.incap.int/blog/aroman/wp-content/uploads/2019/02/Carta-condolencias-Dra.-Ana-Victoria-Roman-OPS-OMS-DOR-feb2019.pdf">Representación de la OPS/OMS en la República Dominicana, 26 de febrero de 2019</a></p>
<p><a href="http://www.incap.int/blog/aroman/wp-content/uploads/2019/02/SISCA-SP-N-19-084-INCAP-condolencias-por-fallecimiento-Dra-Roman.pdf">Secretaría de la Integración Social Centroamericana, Panamá, 26 de febrero de 2019</a></p>
<p><a href="http://www.incap.int/blog/aroman/wp-content/uploads/2019/02/NMH-RF-19-020-Condolencias-a-la-familia-de-la-Dra-Roman-OPS-OMS.pdf">Organización Panamericana de la Salud (OPS/OMS), Washington, USA, 28 de febrero de 2019</a></p>
<p>&nbsp;</p>

<p>Ministerio de Salud Pública, Panamá, 25 de febrero de 2019 Ministerio de Salud Pública, República Dominicana, 25 de febrero de 2019 Representación de la OPS/OMS en Honduras, 25 de febrero de 2019 Representación de la OPS/OMS en la República Dominicana, 26 de febrero de 2019 Secretaría de la Integración Social Centroamericana, Panamá, 26 de febrero &hellip; <a href="https://www.incap.int/blog/aroman/index.php/cartas-de-condolencia/" class="more-link">Continuar leyendo<span class="screen-reader-text"> «CARTAS DE CONDOLENCIAS»</span></a></p>
