{"id":308,"date":"2020-09-18T20:24:08","date_gmt":"2020-09-18T20:24:08","guid":{"rendered":"http:\/\/www.incap.int\/blog\/pmelgar\/?page_id=308"},"modified":"2020-09-18T20:30:27","modified_gmt":"2020-09-18T20:30:27","slug":"reconocimientos-por-anos-de-labores-en-incap","status":"publish","type":"page","link":"https:\/\/www.incap.int\/blog\/pmelgar\/index.php\/reconocimientos-por-anos-de-labores-en-incap\/","title":{"rendered":"RECONOCIMIENTOS"},"content":{"rendered":"\n<p><\/p>\n\n\n\n<figure class=\"wp-block-video\"><video controls src=\"http:\/\/www.incap.int\/blog\/pmelgar\/reconocimientos\/pmelgar-30anios.mp4\"><\/video><figcaption><em>Reconocimiento por 30 a\u00f1os de labores<\/em> en el Instituto de Nutrici\u00f3n de Centro Am\u00e9rica y Panam\u00e1 (INCAP)<br><em>71 Aniversario del INCAP, 2020<\/em><\/figcaption><\/figure>\n","protected":false},"excerpt":{"rendered":"","protected":false},"author":2,"featured_media":0,"parent":0,"menu_order":0,"comment_status":"closed","ping_status":"closed","template":"","meta":[],"_links":{"self":[{"href":"https:\/\/www.incap.int\/blog\/pmelgar\/index.php\/wp-json\/wp\/v2\/pages\/308"}],"collection":[{"href":"https:\/\/www.incap.int\/blog\/pmelgar\/index.php\/wp-json\/wp\/v2\/pages"}],"about":[{"href":"https:\/\/www.incap.int\/blog\/pmelgar\/index.php\/wp-json\/wp\/v2\/types\/page"}],"author":[{"embeddable":true,"href":"https:\/\/www.incap.int\/blog\/pmelgar\/index.php\/wp-json\/wp\/v2\/users\/2"}],"replies":[{"embeddable":true,"href":"https:\/\/www.incap.int\/blog\/pmelgar\/index.php\/wp-json\/wp\/v2\/comments?post=308"}],"version-history":[{"count":3,"href":"https:\/\/www.incap.int\/blog\/pmelgar\/index.php\/wp-json\/wp\/v2\/pages\/308\/revisions"}],"predecessor-version":[{"id":312,"href":"https:\/\/www.incap.int\/blog\/pmelgar\/index.php\/wp-json\/wp\/v2\/pages\/308\/revisions\/312"}],"wp:attachment":[{"href":"https:\/\/www.incap.int\/blog\/pmelgar\/index.php\/wp-json\/wp\/v2\/media?parent=308"}],"curies":[{"name":"wp","href":"https:\/\/api.w.org\/{rel}","templated":true}]}}