{"id":4093,"date":"2025-07-04T22:14:34","date_gmt":"2025-07-04T20:14:34","guid":{"rendered":"https:\/\/ciipec.jokote.com\/?post_type=proyecto&#038;p=4093"},"modified":"2025-07-13T04:35:17","modified_gmt":"2025-07-13T02:35:17","slug":"leche-materna","status":"publish","type":"proyecto","link":"https:\/\/www.incap.int\/ciipec\/proyecto\/leche-materna\/","title":{"rendered":"Leche Materna"},"content":{"rendered":"\n<p><strong>Evaluaci\u00f3n la ingesta de leche materna y la composici\u00f3n corporal de los lactantes y las madres, medida mediante diluci\u00f3n de deuterio, como indicadores de buenas pr\u00e1cticas de alimentaci\u00f3n y estado nutricional.<\/strong><\/p>\n\n\n\n<h2 class=\"wp-block-heading\"><strong>Instituciones participantes<\/strong><\/h2>\n\n\n\n<p>\u00b7&nbsp;&nbsp;&nbsp;&nbsp;&nbsp;&nbsp;&nbsp;&nbsp;Instituto de Nutrici\u00f3n de Centroam\u00e9rica y Panam\u00e1 (INCAP)<\/p>\n\n\n\n<p>\u00b7&nbsp;&nbsp;&nbsp;&nbsp;&nbsp;&nbsp;&nbsp;&nbsp;Universidad Emory, Atlanta, Georgia, EE. UU.<\/p>\n\n\n\n<p>\u00b7&nbsp;&nbsp;&nbsp;&nbsp;&nbsp;&nbsp;&nbsp;&nbsp;Universidad de Oxford, Reino Unido<\/p>\n\n\n\n<p>\u00b7&nbsp;&nbsp;&nbsp;USC-Office of Population Studies Foundation, Inc (OPS) Cebu, Filipinas.<\/p>\n\n\n\n<p>\u00b7&nbsp;&nbsp;&nbsp;&nbsp;&nbsp;&nbsp;&nbsp;&nbsp;Universidad de Witwatersrand, Johannesburgo, Sud\u00e1frica.<\/p>\n\n\n\n<p>\u00b7&nbsp;&nbsp;&nbsp;&nbsp;&nbsp;&nbsp;&nbsp;&nbsp;Universidad Federal de Pelotas, Pelotas, Brasil.<\/p>\n\n\n\n<h2 class=\"wp-block-heading\"><strong>Investigadores de CIIPEC<\/strong><\/h2>\n\n\n\n<p>&nbsp; &nbsp; &nbsp; Manuel Ramirez Zea &nbsp; &nbsp; &nbsp; Monica MazariegoS<\/p>\n\n\n\n<h2 class=\"wp-block-heading\"><strong>Agencia de financiaci\u00f3n<\/strong><\/h2>\n\n\n\n<p>Organismo Internacional de Energ\u00eda At\u00f3mica (OIEA)<\/p>\n\n\n\n<h2 class=\"wp-block-heading\"><strong>Objetivo general<\/strong><\/h2>\n\n\n\n<p>El objetivo principal del proyecto fue evaluar las pr\u00e1cticas de lactancia materna a los tres meses posparto y la composici\u00f3n corporal de la madre y el ni\u00f1o (masa corporal magra y masa grasa), as\u00ed como los factores de riesgo cardio-metab\u00f3licos (presi\u00f3n arterial, marcadores endoteliales). \u2013GMP y BNP, evaluaci\u00f3n de insulina s\u00e9rica, glucosa, perfil lip\u00eddico y modelo de homeostasis \u2013HOMA) a los 3 y 11 meses posparto. Los beb\u00e9s de tres meses se incluir\u00e1n en todo el rango de lactancia (aquellos que son amamantados exclusivamente a aquellos que no son amamantados).<\/p>\n\n\n\n<h2 class=\"wp-block-heading\"><strong>Metodolog\u00eda<\/strong><\/h2>\n\n\n\n<p>Estudio transversal en el que se&nbsp;evalu\u00f3&nbsp;a la madre de beb\u00e9s de 3-4 meses. Se incluyeron los siguientes par\u00e1metros diet\u00e9ticos y cardiovasculares:<\/p>\n\n\n\n<p>Ingesta de leche materna a los 3 meses de edad<\/p>\n\n\n\n<p>Composici\u00f3n corporal (variable de respuesta primaria)<\/p>\n\n\n\n<p>Presi\u00f3n arterial<\/p>\n\n\n\n<p>Biomarcadores sangu\u00edneos<\/p>\n\n\n\n<p>Pr\u00e1cticas de alimentaci\u00f3n infantil<\/p>\n\n\n\n<p>Antropometr\u00eda<\/p>\n\n\n\n<p>Informaci\u00f3n sociodemogr\u00e1fica Lactancia materna y morbilidad<\/p>\n\n\n\n<h2 class=\"wp-block-heading\"><strong>Paises participantes<\/strong><\/h2>\n\n\n\n<p>Argentina<\/p>\n\n\n\n<p>Bolivia<\/p>\n\n\n\n<p>Brasil<\/p>\n\n\n\n<p>Chile<\/p>\n\n\n\n<p>Cuba<\/p>\n\n\n\n<p>Rep\u00fablica Dominicana<\/p>\n\n\n\n<p>Ecuador<\/p>\n\n\n\n<p>Guatemala<\/p>\n\n\n\n<p>Uruguay<\/p>\n\n\n\n<h2 class=\"wp-block-heading\"><strong>Resultados y publicaciones<\/strong><\/h2>\n\n\n\n<p><a href=\"https:\/\/www.alanrevista.org\/ediciones\/2015\/suplemento-1\/art-232\">https:\/\/www.alanrevista.org\/ediciones\/2015\/suplemento-1\/art-232<\/a><\/p>\n\n\n\n<p>\u00a0<a href=\"https:\/\/journals.sagepub.com\/doi\/full\/10.1177\/0379572116654644\">https:\/\/journals.sagepub.com\/doi\/full\/10.1177\/0379572116654644<\/a><\/p>\n\n\n\n<p><a href=\"https:\/\/www.slaninternacional.org\/congreso2018\/programa-cientifico\/presentaciones\/lunes-12\/MonicaMazariegos_IngestaInfantes_LactanciaMaterna.pdf\">https:\/\/www.slaninternacional.org\/congreso2018\/programa-cientifico\/presentaciones\/lunes-12\/MonicaMazariegos_IngestaInfantes_LactanciaMaterna.pdf<\/a><\/p>\n","protected":false},"featured_media":4094,"template":"","meta":{"_acf_changed":false,"_uag_custom_page_level_css":"","footnotes":""},"proyecto_cat":[28],"class_list":["post-4093","proyecto","type-proyecto","status-publish","has-post-thumbnail","hentry","proyecto_cat-concluidos"],"acf":[],"uagb_featured_image_src":{"full":["https:\/\/www.incap.int\/ciipec\/wp-content\/uploads\/2025\/07\/leche_materna.jpg",457,559,false],"thumbnail":["https:\/\/www.incap.int\/ciipec\/wp-content\/uploads\/2025\/07\/leche_materna-180x180.jpg",180,180,true],"medium":["https:\/\/www.incap.int\/ciipec\/wp-content\/uploads\/2025\/07\/leche_materna-457x500.jpg",457,500,true],"medium_large":["https:\/\/www.incap.int\/ciipec\/wp-content\/uploads\/2025\/07\/leche_materna.jpg",457,559,false],"large":["https:\/\/www.incap.int\/ciipec\/wp-content\/uploads\/2025\/07\/leche_materna.jpg",457,559,false],"1536x1536":["https:\/\/www.incap.int\/ciipec\/wp-content\/uploads\/2025\/07\/leche_materna.jpg",457,559,false],"2048x2048":["https:\/\/www.incap.int\/ciipec\/wp-content\/uploads\/2025\/07\/leche_materna.jpg",457,559,false],"post-thumbnail":["https:\/\/www.incap.int\/ciipec\/wp-content\/uploads\/2025\/07\/leche_materna-450x550.jpg",450,550,true],"enzio_medium":["https:\/\/www.incap.int\/ciipec\/wp-content\/uploads\/2025\/07\/leche_materna-457x500.jpg",457,500,true]},"uagb_author_info":{"display_name":"ciipec_admin","author_link":"https:\/\/www.incap.int\/ciipec\/author\/"},"uagb_comment_info":0,"uagb_excerpt":"Evaluaci\u00f3n la ingesta de leche materna y la composici\u00f3n corporal de los lactantes y las madres, medida mediante diluci\u00f3n de deuterio, como indicadores de buenas pr\u00e1cticas de alimentaci\u00f3n y estado nutricional. Instituciones participantes \u00b7&nbsp;&nbsp;&nbsp;&nbsp;&nbsp;&nbsp;&nbsp;&nbsp;Instituto de Nutrici\u00f3n de Centroam\u00e9rica y Panam\u00e1 (INCAP) \u00b7&nbsp;&nbsp;&nbsp;&nbsp;&nbsp;&nbsp;&nbsp;&nbsp;Universidad Emory, Atlanta, Georgia, EE. UU. \u00b7&nbsp;&nbsp;&nbsp;&nbsp;&nbsp;&nbsp;&nbsp;&nbsp;Universidad de Oxford, Reino Unido \u00b7&nbsp;&nbsp;&nbsp;USC-Office of Population&hellip;","_links":{"self":[{"href":"https:\/\/www.incap.int\/ciipec\/wp-json\/wp\/v2\/proyecto\/4093","targetHints":{"allow":["GET"]}}],"collection":[{"href":"https:\/\/www.incap.int\/ciipec\/wp-json\/wp\/v2\/proyecto"}],"about":[{"href":"https:\/\/www.incap.int\/ciipec\/wp-json\/wp\/v2\/types\/proyecto"}],"version-history":[{"count":3,"href":"https:\/\/www.incap.int\/ciipec\/wp-json\/wp\/v2\/proyecto\/4093\/revisions"}],"predecessor-version":[{"id":4545,"href":"https:\/\/www.incap.int\/ciipec\/wp-json\/wp\/v2\/proyecto\/4093\/revisions\/4545"}],"wp:featuredmedia":[{"embeddable":true,"href":"https:\/\/www.incap.int\/ciipec\/wp-json\/wp\/v2\/media\/4094"}],"wp:attachment":[{"href":"https:\/\/www.incap.int\/ciipec\/wp-json\/wp\/v2\/media?parent=4093"}],"wp:term":[{"taxonomy":"proyecto_cat","embeddable":true,"href":"https:\/\/www.incap.int\/ciipec\/wp-json\/wp\/v2\/proyecto_cat?post=4093"}],"curies":[{"name":"wp","href":"https:\/\/api.w.org\/{rel}","templated":true}]}}

<p><strong>Evaluación la ingesta de leche materna y la composición corporal de los lactantes y las madres, medida mediante dilución de deuterio, como indicadores de buenas prácticas de alimentación y estado nutricional.</strong></p>



<h2 class="wp-block-heading"><strong>Instituciones participantes</strong></h2>



<p>·&nbsp;&nbsp;&nbsp;&nbsp;&nbsp;&nbsp;&nbsp;&nbsp;Instituto de Nutrición de Centroamérica y Panamá (INCAP)</p>



<p>·&nbsp;&nbsp;&nbsp;&nbsp;&nbsp;&nbsp;&nbsp;&nbsp;Universidad Emory, Atlanta, Georgia, EE. UU.</p>



<p>·&nbsp;&nbsp;&nbsp;&nbsp;&nbsp;&nbsp;&nbsp;&nbsp;Universidad de Oxford, Reino Unido</p>



<p>·&nbsp;&nbsp;&nbsp;USC-Office of Population Studies Foundation, Inc (OPS) Cebu, Filipinas.</p>



<p>·&nbsp;&nbsp;&nbsp;&nbsp;&nbsp;&nbsp;&nbsp;&nbsp;Universidad de Witwatersrand, Johannesburgo, Sudáfrica.</p>



<p>·&nbsp;&nbsp;&nbsp;&nbsp;&nbsp;&nbsp;&nbsp;&nbsp;Universidad Federal de Pelotas, Pelotas, Brasil.</p>



<h2 class="wp-block-heading"><strong>Investigadores de CIIPEC</strong></h2>



<p>&nbsp; &nbsp; &nbsp; Manuel Ramirez Zea &nbsp; &nbsp; &nbsp; Monica MazariegoS</p>



<h2 class="wp-block-heading"><strong>Agencia de financiación</strong></h2>



<p>Organismo Internacional de Energía Atómica (OIEA)</p>



<h2 class="wp-block-heading"><strong>Objetivo general</strong></h2>



<p>El objetivo principal del proyecto fue evaluar las prácticas de lactancia materna a los tres meses posparto y la composición corporal de la madre y el niño (masa corporal magra y masa grasa), así como los factores de riesgo cardio-metabólicos (presión arterial, marcadores endoteliales). –GMP y BNP, evaluación de insulina sérica, glucosa, perfil lipídico y modelo de homeostasis –HOMA) a los 3 y 11 meses posparto. Los bebés de tres meses se incluirán en todo el rango de lactancia (aquellos que son amamantados exclusivamente a aquellos que no son amamantados).</p>



<h2 class="wp-block-heading"><strong>Metodología</strong></h2>



<p>Estudio transversal en el que se&nbsp;evaluó&nbsp;a la madre de bebés de 3-4 meses. Se incluyeron los siguientes parámetros dietéticos y cardiovasculares:</p>



<p>Ingesta de leche materna a los 3 meses de edad</p>



<p>Composición corporal (variable de respuesta primaria)</p>



<p>Presión arterial</p>



<p>Biomarcadores sanguíneos</p>



<p>Prácticas de alimentación infantil</p>



<p>Antropometría</p>



<p>Información sociodemográfica Lactancia materna y morbilidad</p>



<h2 class="wp-block-heading"><strong>Paises participantes</strong></h2>



<p>Argentina</p>



<p>Bolivia</p>



<p>Brasil</p>



<p>Chile</p>



<p>Cuba</p>



<p>República Dominicana</p>



<p>Ecuador</p>



<p>Guatemala</p>



<p>Uruguay</p>



<h2 class="wp-block-heading"><strong>Resultados y publicaciones</strong></h2>



<p><a href="https://www.alanrevista.org/ediciones/2015/suplemento-1/art-232">https://www.alanrevista.org/ediciones/2015/suplemento-1/art-232</a></p>



<p> <a href="https://journals.sagepub.com/doi/full/10.1177/0379572116654644">https://journals.sagepub.com/doi/full/10.1177/0379572116654644</a></p>



<p><a href="https://www.slaninternacional.org/congreso2018/programa-cientifico/presentaciones/lunes-12/MonicaMazariegos_IngestaInfantes_LactanciaMaterna.pdf">https://www.slaninternacional.org/congreso2018/programa-cientifico/presentaciones/lunes-12/MonicaMazariegos_IngestaInfantes_LactanciaMaterna.pdf</a></p>

Evaluación la ingesta de leche materna y la composición corporal de los lactantes y las madres, medida mediante dilución de deuterio, como indicadores de buenas prácticas de alimentación y estado nutricional. Instituciones participantes ·&nbsp;&nbsp;&nbsp;&nbsp;&nbsp;&nbsp;&nbsp;&nbsp;Instituto de Nutrición de Centroamérica y Panamá (INCAP) ·&nbsp;&nbsp;&nbsp;&nbsp;&nbsp;&nbsp;&nbsp;&nbsp;Universidad Emory, Atlanta, Georgia, EE. UU. ·&nbsp;&nbsp;&nbsp;&nbsp;&nbsp;&nbsp;&nbsp;&nbsp;Universidad de Oxford, Reino Unido ·&nbsp;&nbsp;&nbsp;USC-Office of Population&hellip;
